 divided by 79?
74
Suppose -11 - 9 = -5*x. Suppose -v + 3 = u, 7*u - 2*u - 9 = -x*v. What is the remainder when 26 is divided by v?
2
Calculate the remainder when -2*(-3829)/2*3/21 is divided by 57.
34
Let g = -3383 - -3426. What is the remainder when g is divided by 2?
1
Suppose -60*p = -66*p + 60. What is the remainder when 3765 is divided by p?
5
Let z = -30 + 37. Let u = 5 - z. Calculate the remainder when 30 is divided by (-3)/u*(-26)/(-3).
4
Let a(h) = h**3 - 19*h**2 + 64*h - 7. Calculate the remainder when a(18) is divided by 156.
41
Suppose -21*m + 1425 = 6*m + 30*m. Let b(a) = a**3 + 7*a**2 + 6*a - 3. Let z be b(-6). What is the remainder when 2/z - (-742)/6 is divided by m?
23
Suppose 619 = 5*g - 2*u, -4*g + 498 = -0*u - 3*u. What is the remainder when g is divided by -5 + (3270/9)/10 - (-2 + (-35)/(-15))?
30
Let h(z) = -12 + 0*z + 8 - 9*z - 20. What is the remainder when 47 is divided by h(-4)?
11
Suppose -44*t - 272 = -36*t. Calculate the remainder when (-10)/(-2)*(46 + t) is divided by 8.
4
Let d(y) = -y**3 + 5*y**2 - 3*y - 2. Let v be d(3). Suppose -v = -m + 6. Let r = m + -9. What is the remainder when 22 is divided by r?
2
Let v be (12914/(-55))/(3/60). Calculate the remainder when 1/(-2) + (v/(-16) - 7) is divided by 9.
7
Suppose -z + 885 = 3*s, -9*s - 5*z + 267 = -8*s. What is the remainder when s is divided by 134?
29
Let q be (-10)/(-8) + 6/8. Let s be (q - (-80)/(-15))/((-2)/(-12)). Calculate the remainder when 27 is divided by -5*((-192)/s)/(-3).
11
Let a(q) = -q**3 - 6*q**2 - 13*q - 77. Calculate the remainder when a(-7) is divided by 44.
19
Let y be 24/2*(0 - (3 + -9)). Suppose 26*k = 24*k + y. What is the remainder when 141 is divided by k?
33
Suppose -56 = i - 58. Suppose -c + 78 = 5*n - 5*c, 0 = -i*n - 5*c + 18. What is the remainder when 40 is divided by n?
12
Let z(m) = 7*m**3 + m**2 + 2*m + 1. What is the remainder when 4 + (5 - 6) - (-16506)/131 is divided by z(2)?
64
What is the remainder when 364 is divided by (-7334)/(-579) - 10/6?
1
Suppose 4*z - 4*q + 40 = 8*z, 2*q = z - 13. Suppose -44 = -2*y + 88. Let s = 92 - y. Calculate the remainder when s is divided by z.
4
Let s = 264 + -155. Let h = 24605 - 24550. What is the remainder when s is divided by h?
54
Let b(v) = -12*v - 10. What is the remainder when b(-9) is divided by 16 + -17 + (-5)/(15/(-36))?
10
Let g = 2842 + -2567. Calculate the remainder when g is divided by 95.
85
Let j = -811 - -811. Suppose j = -22*b + 1952 - 324. What is the remainder when 1183 is divided by b?
73
What is the remainder when (-60)/(-9)*-3*(-99)/15 is divided by 29?
16
Let w be 6*((-14)/(-4))/1. Let z = 28 - w. Suppose 50 = -z*s + 211. What is the remainder when 45 is divided by s?
22
Suppose 298*g - 118736 = 48*g - 406*g. What is the remainder when g is divided by 116/3 - 2/3?
29
Let r be (-1)/4*(-3 + -1). Suppose 4*d - r - 47 = 0. Suppose t - 28 = 2*l, -12*l + 10*l - 8 = 0. Calculate the remainder when t is divided by d.
8
Suppose -11044 - 8044 = -17*d + 2128. Calculate the remainder when d is divided by 50.
48
Let n = 4 + 0. Suppose 2*m + 5*q - 49 = -0*q, 4*m - 68 = -n*q. Suppose -79*g = -1624 + 284 - 398. Calculate the remainder when g is divided by m.
10
Let r(m) = 5*m**2 - 191*m + 1140. Calculate the remainder when r(6) is divided by 118.
56
Suppose -3876 = -53*j + 4604. Suppose 0*n = n - 123. What is the remainder when n is divided by (5/2)/(j/1984)?
30
Suppose 3*c - 4*d - 116 = 376, 5*d = -2*c + 328. Suppose 3*b - 112 + 28 = 0. What is the remainder when c is divided by b?
24
Let u(a) = 3*a**2 + 2*a - 11. Let o = 12 - 17. Suppose -5*r = 3*c - 47, -r + 9 - 49 = -2*c. What is the remainder when u(o) is divided by c?
16
Let c be -1*9*1/(-3). Suppose -3*f + c*j + 8 = -10, j = -3*f + 34. Let s(q) = q**3 + 12*q**2 - 76*q - 143. What is the remainder when s(-16) is divided by f?
9
Let a = -214 - -228. What is the remainder when 23 is divided by (-24)/(-14)*a/4?
5
Let u(r) = r**3 - 5*r**2 - 15*r + 88. Let k be -3*3*(-4)/24*4. Calculate the remainder when u(k) is divided by 14.
6
Let g = -477 + 528. What is the remainder when 241 is divided by g?
37
Let i be (-4)/(-6) - (-3 + (-24164)/(-12)). What is the remainder when (18/8)/((-6)/(-208)) is divided by 1/5 + i/(-75)?
24
Let g(b) = -583*b - 15126. Calculate the remainder when 18879 is divided by g(-26).
31
Suppose -40*l + 20*l = 27*l - 11280. What is the remainder when 772 is divided by l?
52
Let d(j) = -6*j - 11. Let h be d(-4). Suppose 170 = h*a + 4*a. Let z(g) = g**3 + 7*g**2 + 4*g + 7. What is the remainder when z(-6) is divided by a?
9
Suppose 539 + 296 = 2*s - 809. Calculate the remainder when 830 is divided by s.
8
Let h be (-132)/154 - (-12)/14. Let x(u) = u**2 + 6*u + 42. What is the remainder when x(h) is divided by 37?
5
Suppose 0 = 23*c - 41*c + 396. Calculate the remainder when 2309 is divided by c.
21
Let w be (5/(-10))/((-9)/90). Let z(y) = 19 - 11*y + y**3 - 7 + 0*y**3 - 3*y**2. Calculate the remainder when 25 is divided by z(w).
4
Let o(i) = 4*i**3 + 9*i**2 + 11*i - 3. Let c(s) = 5*s**3 + 9*s**2 + 11*s - 2. Let b(t) = -5*c(t) + 4*o(t). What is the remainder when b(-3) is divided by 33?
28
Let o(y) = -2*y + 10. Let w be o(-8). Suppose -w*m = -686 - 588. What is the remainder when 536 is divided by m?
46
Suppose -770 = v - 6*v + 145. Calculate the remainder when v is divided by 93.
90
Suppose 33*k = -0 + 132. Let t(c) = 4*c**2 + 2*c - 1. Let g be t(-2). Let z(i) = -i + 13. Calculate the remainder when k is divided by z(g).
0
Let v be 99/36 - -2*(-1)/(-8). Suppose -3*s - 15*m + 12*m = -87, -55 = -2*s - v*m. Calculate the remainder when 51 is divided by s.
19
Let i = 882 - 857. Let b be 2/(-5) + 54/(-15). Calculate the remainder when i is divided by (-8)/(-2*(-3 - b)).
1
Let f = -901521 + 901531. Let u be (-2 - -2)*(1 + -2). What is the remainder when 126 + u + (-4)/(-2) is divided by f?
8
Suppose -3*j - 152 = -5*v, 5*j - 36 = -0*v - v. Let d = 38 - v. Let o = 63 + -43. Calculate the remainder when o is divided by d.
6
Suppose 2*t = -4*m + m + 13, 1 = -m + 2*t. Suppose -5*x = -m*w - 347, x - w + 29 = 100. Calculate the remainder when 194 is divided by x.
60
Suppose 39*i = 4590 + 2430. Calculate the remainder when i is divided by 38.
28
Suppose -99*k - 23851 = -118693. What is the remainder when k is divided by 7?
6
Suppose t - 50 = -t. Let o = 15978 + -15655. Calculate the remainder when o is divided by t.
23
Suppose -5*l + x = -29421, -2*x + 23562 = -142*l + 146*l. Calculate the remainder when l is divided by 128.
126
Let t = -5712 - -5931. Calculate the remainder when 667 is divided by t.
10
Let f = 35014 - 34973. What is the remainder when f is divided by -3 + (36 - -3) + 0?
5
Let t = 14305 + -14201. What is the remainder when 110 is divided by t?
6
Suppose 2*s = t + 50 - 11, -s - 4*t - 3 = 0. Let x(n) = -n**3 - 2*n**2 + 5*n + 8. Let k be x(4). Let b = -35 - k. What is the remainder when b is divided by s?
16
Let h be 90/(-18) - (-2 - 34). Suppose 15*u + h - 106 = 0. Suppose 2*a = a + 16. Calculate the remainder when a is divided by u.
1
What is the remainder when (18 - 3) + (-6 - 1) + 10940/4 is divided by 105?
13
Let n = -38 + 65. Suppose 360 = -22*u - 2*u. What is the remainder when n is divided by ((-56)/(-126))/((-8)/6)*u?
2
Let s = 119909 - 119868. Let n = -22 - -53. What is the remainder when s is divided by n?
10
What is the remainder when 1011 is divided by -7*(4/(-56))/(4/536)?
6
Let f = -2807 + 4913. Calculate the remainder when f is divided by 37.
34
Let o = -11 - 13. Let w be (-18)/o + 1466/8. Suppose 0 = 4*k + 4*x - w, -k + 52 = -0*x - x. Calculate the remainder when k is divided by 10.
9
Let p be (-2)/(-7) - 825/(-175). Suppose p*m - 8 = 52. Calculate the remainder when 69 is divided by m.
9
Let p = -8604 + 10415. What is the remainder when p is divided by 4?
3
Let v = 885 - 823. Suppose -v*s + 943 + 297 = 0. What is the remainder when s is divided by 0*(-1 + 0) + 7?
6
Let u = -1886 + 3994. Suppose -27 = -3*m + k + 1229, -2*k = 5*m - u. Calculate the remainder when m is divided by 47.
44
Suppose 13*i - 283 = 3552. Suppose -9*j = -1064 - i. What is the remainder when j is divided by 40?
31
Let p(q) = 8*q**2 + 34*q + 29. What is the remainder when 328 is divided by p(-5)?
33
Suppose -19 + 195 = 6